valuate (39 - (-20 + 57)) + (0 - -7) + (0 - 55).
-46
What is (1 - (0 + 3 - 8 - 4)) + -600 + 528?
-62
What is the value of 9 - (17 + -6) - (-1 + 10) - -8?
-3
What is the value of 0 - 14 - (31 - (-89 - -158))?
24
Evaluate 10 + (-40 - 4 - (-3 - (-8 + -6 + 3))).
-42
What is (-22 - -12) + 116 + 13 - (-1 + 9 - 2)?
113
What is the value of (1 - -20 - ((3 - -13) + -16)) + 5?
26
Calculate 24 + (7 + -10 + -10 - -11).
22
115 + -8 - 121 - (-1 - 15)
2
Evaluate (2 - 0 - (-43 + 15)) + 0 - (-366 + 355).
41
What is the value of (-21 - -15) + (-7 - 0) - (2 - 55)?
40
-21 - (19 + 4 - 12) - (12 - 2)
-42
What is the value of -6 - 45 - -38 - (1 - 5)?
-9
Evaluate (33 - 29) + (13 - (-3 + 1)) + -7.
12
What is the value of (-1 - -27) + (-43 - 21)?
-38
What is the value of -3094 - -3028 - (-2 - (-4 + 3) - 13)?
-52
Calculate -99 + 71 + -35 - (0 - (7 + 4)).
-52
Evaluate 10 + -2 + -1 + -4 - -4 - (3 + 0).
4
Evaluate 51 + -203 + 187 + (7 - 0) + 2.
44
Evaluate -18 - (-7 + -21) - 26 - -30.
14
What is the value of 58 - (-25 + -3) - 182?
-96
35 + (-39 - (-26 - -21))
1
(-195 - -58 - -115) + 15 + -2
-9
Calculate -71 + (-98 - -49 - -96).
-24
Calculate (25 - (-28 + 55)) + (9 - 1) + 33.
39
Calculate -38 - -26 - ((10 - 47) + 25 - (-64 + -1)).
-65
What is the value of -14 - 25 - (-3 - (20 - 48))?
-64
What is the value of (3 - 12) + (-1 - -2) - 4 - 34?
-46
Calculate (-5 - 1) + 15 - (-6 + (-29 - 5) + -5).
54
(620 - 657) + (-2 - -36) - 49
-52
-54 - ((-13 - -19) + -1 - (2 - -7))
-50
Calculate -26 + (-28 - (-24 + 19)) - 24.
-73
Calculate (10 - (31 + -32) - (2 + 1)) + -3 + 53.
58
What is -11 - -12 - -23 - 39 - -74?
59
Evaluate 44 + -23 + (21 - (-11 - -24)).
29
What is 47 - (8 + 71 - 13)?
-19
-12 + 0 + 11 + 123 + (-1 - (5 + -1))
117
(-27 + 9 - -29) + (-18 - 61)
-68
What is the value of -50 - (-96 - (-143 + 98))?
1
Evaluate 23 + -55 + -111 + 37.
-106
62 + -59 - (-11 + -8 - 4)
26
Calculate (103 - (0 - -2)) + (262 - (-68 + 346)).
85
Calculate 53 - 103 - (-2 - -12) - (5 - -4).
-69
Evaluate -10 - (-24 + 9 + -5) - ((-1 - -2) + -60).
69
42 - 21 - (-13 - (6 - (-9 - (-17 - -1))))
33
What is the value of 0 - 36 - (-104 + (52 - -41))?
-25
Calculate 16 - 1 - -30 - (-4 + 5 + 10).
34
(-4 - (-22 - -28 - 39)) + (22 - 4)
47
Evaluate 11 - 0 - (-24 - -57).
-22
Calculate -12 - (20 + (2 + -48 - -11)).
3
Calculate 93 + 3 + (7 - 1 - (-113 - -121) - 11).
83
What is 4 + -2 + -12 - (20 + -15 - (3 - 10))?
-22
(-37 + -60 - -59) + 37
-1
41 + 1 + (67 - 61) - (1 + 2) - -2
47
What is -7 + 1 + -19 + 12 + 3?
-10
Calculate (1 + 6 - (-613 - -618) - 0) + 64.
66
Evaluate (-4 - 59 - (2 + 0)) + (-1018 - -1021).
-62
What is the value of 8 - (47 - (2 + 1 + (-19 - 6) + 11))?
-50
Calculate -9 - (-37 + (48 - 4)).
-16
What is the value of (70 - -2) + 6448 + -6515?
5
What is the value of 64 - (121 + -70) - (0 - (-3 - -16))?
26
What is 46 + -1 + (23 - 81)?
-13
What is ((8 - 5) + -31 - -6) + -55 + 53?
-24
Evaluate 74 - (9 + -4) - (604 + -571).
36
Calculate -13 - (4 + 5 + -31) - 1.
8
What is the value of -30 + 35 + -8 + 10 + -32?
-25
What is 42 - (56 - 5) - (0 + -13 + -3)?
7
Evaluate (135 - -751) + -758 - (-23 + 1 + -1).
151
Evaluate (46 - -8) + 2 + (9 - 22) + -1.
42
Evaluate 26 + 49 + (-27 - 8).
40
Calculate 124 - ((-62 - -12) + 112).
62
What is the value of (-24 - (-18 + 5) - -7) + -49?
-53
Calculate (-2 - 3) + (-4898 - -5002).
99
Calculate (43 - 125) + 151 + -31.
38
Evaluate (-1 - (-12 + -3)) + 45 + -32.
27
What is 12 + -32 + 13 + (6 - (-5 + -2))?
6
Calculate (41 - 3) + (-9 - 5 - -91).
115
-7 - (17 + (-27 - -11)) - -110
102
Evaluate -116 + (77 - 33 - -8).
-64
What is (22 - 41) + -10 + (2 - -2)?
-25
(-131 - 4) + -46 - -42 - -40
-99
What is the value of (-57 - (0 - 96)) + (-19 - 1)?
19
Calculate -55 - -29 - (-11 - 38).
23
-66 + 31 + (29 - 41) + -10
-57
6 - (18 - ((1 - (4 + -8 - -1)) + -6))
-14
Evaluate -33 + (-51 - -28) - (-11 + -1).
-44
Evaluate -24 + -6 + (48 - 22) + -30.
-34
What is the value of -2 - ((-8 - -10 - 12 - 3) + 127)?
-116
Evaluate 46 + (8 - 2) - (1 - 1 - (16 - 6)).
62
Evaluate 27 + (-4 - 29) + (-2 - 1) - -3.
-6
Calculate 65 + -2 + (56 + -30 - 35) + 9.
63
Calculate -23 + (13 - (22 - (12 + -14))).
-34
What is -9 - (5 - (20 - (1 - -10))) - 37?
-42
-30 + -9 + 73 - 13
21
What is 8 - (57 + -1) - (71 + -33)?
-86
What is the value of ((1 - -4) + (-116 - -105) - (10 + -10)) + -77?
-83
(37 - (87 - 48)) + 39
37
What is the value of -56 + 153 + -30 - 22?
45
What is the value of -2 + -58 + 853 + -785?
8
5 - (-26 + -2 - (1221 + -1171))
83
Calculate 3 + -4 + (-20 + 17 - -17 - 6).
7
(58 - 60) + (0 - (6 + -10 + 5)) + 73
70
Evaluate (-2 - 13) + (-413 - -430).
2
54 + 61 + 111 + -167
59
Calculate -2 + 1 + -9 + -1 + 6 + -19 + 120.
96
(24 - (28 - 1) - (-3 + -13)) + 24
37
Evaluate -34 + -27 + 40 + -4.
-25
Evaluate -44 + (-73 + 29 - -102) + 49 + -1.
62
Evaluate -45 + 4 + (14 - -28) + (4 - (2 + 0)).
3
Calculate 22 - (96 + 9 - (34 + -44)).
-93
Evaluate 9 + 17 + -6 + -26 + -3.
-9
What is -11 + 54 + -63 + -33?
-53
7 + (29 - (34 + -17)) + (-5 - (-4 + 147))
-129
Calculate 48 + -32 + 27 - 56.
-13
Evaluate -17 - ((-92 - -80) + -13).
8
What is 64 - 1 - (5164 - 5083)?
-18
Calculate -4 + 71 - (-227 + 222 - ((-2 - 13) + -1)).
56
Evaluate -18 - (12 - (-3 + (46 - -12))).
25
Evaluate -85 + (44 - (52 + 9)).
-102
Calculate 0 + (-2398 - -2409 - (-1 + (1 - -66) - 2)).
-53
Evaluate -2 + (-1 - 1) - (291 + -319) - -14 - 11.
27
Evaluate 33 - (69 + -26 + 5).
-15
What is the value of (-45 + 38 - -33) + -29?
-3
(174 - 160) + (8 - 103) - (1 - -17)
-99
5 + 91 - -5 - (2 - (16 + -19)) - -7
103
-28 + 4 - -23 - (-21 - -55)
-35
Evaluate -121 - -45 - -40 - -79.
43
Calculate (-1 - 4) + (42 - -67) + 11 + -1 + -17.
97
Calculate -4 + 10 + (-1 - (-10 + 9)) - -10.
16
-4 + -3 + -15 + 5 + 13 + 30
26
What is 7 + (-7 + 15 - 1) + -11 + -1?
2
Evaluate -1 - -9 - (-6 + 285 + -199).
-72
What is -48 - (-48 - (-42 - -60))?
18
Evaluate -622 + 614 - (3 + 2 - 32).
19
Evaluate 13 + (2 - (-1 + 3)) + 5.
18
What is 11 - 0 - (-65 + -1) - (1 - (15 + -13))?
78
What is the value of -1 - -3 - (-719 + 747)?
-26
(45 - -9 - 95) + -6
-47
-2 + (0 - 9) + (-144 - -4) + 101
-50
What is 40 - ((7 - (14 + -3)) + -2 + -8 - -12)?
42
What is -2 + 11 + (2 + -2 + 8 - 18) + -19?
-20
(57 - 43) + 51 - 16
49
What is the value of -100 + 126 + (179 - 120)?
85
What is (-955 + 1030 - (4 + -56)) + (-10 - 1) + 0?
116
(16 - (-2 + 4)) + -12 + 16 + 9
27
-26 - (1 - -1 - -9 - (471 - 449))
-15
11 + (-16 + 26 - 3) + -6
12
What is -8 + (7 - 1) - ((9 - 14) + -2 - -3)?
2
Evaluate (393 - 490) + 33 + -36.
-100
Calculate -60 + -34 + 45 + (7 - -1).
-41
23 + (-17 - -16) + 14 + -16
20
What is the value of (56 - (46 - 6)) + 7?
23
What is (-62 - -251 - 52) + -32?
105
Evaluate 68 + -18 + (13 - 22) + 2 + -4 + 1.
40
What is -199 - -144 - (-2 - 70)?
17
Evaluate -7 + 20 + -1 + -3 + 6805 + -6721.
93
Evaluate (-14 - -54) + (18 - (-50 + 32)).
76
Evaluate (-16 - -1) + (-2106 - -2157).
36
What is -3213 + 3208 + (0 - 1)?
-6
What is the value of -5 - 2 - (129 + -119 - 47)?
30
(-663 + 701 - (17 - 1)) + -62
-40
(49 - -24) + -186 + 78
-35
Calculate (581 - 549) + -41 + -2.
-11
Calculate 6 - ((-21 - 11) + 178).
-140
-24 - ((-82 - -84) + 58)
-84
-41 + -3 + -5 + 43
-6
What is 0 + -1 + (36 - 32) - 12 - (-25 - -5)?
11
What is the value of (-25 - (-9 - (-4 + -13))) + (47 - (16 - -18))?
-20
21 - (-4 + 8 + -6 - -7)
16
8 - ((-10 - (8 - 38 - -2)) + (-2 - 2))
-6
What is the value of (23 - -3) + 1046 + -1109?
-37
Calculate 32 - -23 - 49 - (44 + 1).
-39
Evaluate (-78 - 0) + -51 + -17 + 68 + -1.
-79
What is 10 + (-26 + -23 - -11)?
-28
Evaluate -11 + 18 + -12 - (4 + 18).
-27
Evaluate -130 + (8 - (4 + -16)) + -1 + 11.
-100
50 + (-21 - 10) - (-13 - (-2 + 0 + 0))
30
Evaluate 7 + 9 + 2 + (8 - 10 - 3).
13
Evaluate -2 + 38 - (176 - (-96 - -245)).
9
7 + 50 + 0 + -4 - (-92 - -91)
54
Calculate (-37 - 96 - -155) + (1 - (-4 + 1)).
26
Evaluate 1 + -2 + 21 + 302 + -285 - (10 + 1).
26
Calculate 300 + -405 + (1 - -37).
-67
What is the value of -52 - (16 - 8 - -3 - (-6 + 29))?
-40
-21 + (77 - 2) - -24
78
Calculate -3 + 1 + (-10 + -33 - -62).
17
Evaluate -37 - (1 - 19 - -2 - -21).
-42
Calculate (124 - 97) + (29 - 12).
44
What is 8 + -7 + 3 + -61 - (27 + (-73 - -47))?
-58
What is the value of -39 - (40 + -90 + -7)?
18
What is the value of -53 + 115 + -192 - -85?
-45
What is the value of (16 - (-13 